22.
16
Calculate the remainder when 167 is divided by 28.
27
What is the remainder when 274 is divided by 55?
54
Calculate the remainder when 131 is divided by 64.
3
Calculate the remainder when 46 is divided by 7.
4
What is the remainder when 642 is divided by 313?
16
What is the remainder when 29 is divided by 16?
13
Calculate the remainder when 701 is divided by 88.
85
Calculate the remainder when 557 is divided by 538.
19
What is the remainder when 14 is divided by 5?
4
Calculate the remainder when 17047 is divided by 50.
47
What is the remainder when 239 is divided by 81?
77
Calculate the remainder when 129 is divided by 115.
14
Calculate the remainder when 252 is divided by 15.
12
What is the remainder when 9993 is divided by 3328?
9
Calculate the remainder when 8311 is divided by 126.
121
Calculate the remainder when 74 is divided by 13.
9
What is the remainder when 416 is divided by 20?
16
What is the remainder when 423 is divided by 44?
27
Calculate the remainder when 144 is divided by 104.
40
What is the remainder when 888 is divided by 102?
72
Calculate the remainder when 1814 is divided by 107.
102
What is the remainder when 412 is divided by 84?
76
What is the remainder when 792 is divided by 53?
50
Calculate the remainder when 431 is divided by 73.
66
What is the remainder when 567 is divided by 32?
23
Calculate the remainder when 39058 is divided by 279.
277
What is the remainder when 1604 is divided by 73?
71
Calculate the remainder when 1032 is divided by 146.
10
Calculate the remainder when 50 is divided by 11.
6
What is the remainder when 2100 is divided by 68?
60
What is the remainder when 528 is divided by 29?
6
What is the remainder when 800 is divided by 256?
32
What is the remainder when 135 is divided by 13?
5
Calculate the remainder when 638 is divided by 129.
122
What is the remainder when 862 is divided by 48?
46
Calculate the remainder when 880 is divided by 21.
19
What is the remainder when 51 is divided by 15?
6
What is the remainder when 2339 is divided by 9?
8
Calculate the remainder when 161 is divided by 158.
3
Calculate the remainder when 4640 is divided by 91.
90
What is the remainder when 124 is divided by 37?
13
What is the remainder when 116 is divided by 54?
8
Calculate the remainder when 1501 is divided by 116.
109
What is the remainder when 3237 is divided by 27?
24
What is the remainder when 4368 is divided by 141?
138
Calculate the remainder when 131 is divided by 3.
2
Calculate the remainder when 13 is divided by 5.
3
What is the remainder when 573 is divided by 168?
69
What is the remainder when 452 is divided by 203?
46
Calculate the remainder when 357 is divided by 183.
174
What is the remainder when 2393 is divided by 795?
8
Calculate the remainder when 590 is divided by 45.
5
What is the remainder when 38 is divided by 34?
4
Calculate the remainder when 7186 is divided by 22.
14
Calculate the remainder when 3023 is divided by 27.
26
Calculate the remainder when 1474 is divided by 29.
24
Calculate the remainder when 69 is divided by 19.
12
What is the remainder when 2415 is divided by 66?
39
What is the remainder when 221 is divided by 110?
1
Calculate the remainder when 1425 is divided by 72.
57
Calculate the remainder when 18 is divided by 6.
0
What is the remainder when 25 is divided by 7?
4
What is the remainder when 35 is divided by 13?
9
What is the remainder when 313 is divided by 135?
43
What is the remainder when 775 is divided by 21?
19
Calculate the remainder when 150 is divided by 6.
0
What is the remainder when 245 is divided by 65?
50
Calculate the remainder when 716 is divided by 180.
176
What is the remainder when 23 is divided by 12?
11
Calculate the remainder when 18297 is divided by 3.
0
What is the remainder when 600 is divided by 102?
90
What is the remainder when 104 is divided by 11?
5
What is the remainder when 1517 is divided by 49?
47
Calculate the remainder when 514 is divided by 11.
8
What is the remainder when 1194 is divided by 397?
3
What is the remainder when 963 is divided by 237?
15
Calculate the remainder when 210 is divided by 122.
88
What is the remainder when 15223 is divided by 87?
85
Calculate the remainder when 1168 is divided by 133.
104
What is the remainder when 12164 is divided by 158?
156
What is the remainder when 92 is divided by 7?
1
What is the remainder when 12060 is divided by 32?
28
Calculate the remainder when 8639 is divided by 20.
19
Calculate the remainder when 679 is divided by 20.
19
Calculate the remainder when 2894 is divided by 15.
14
What is the remainder when 1119 is divided by 49?
41
Calculate the remainder when 80 is divided by 23.
11
What is the remainder when 131 is divided by 4?
3
What is the remainder when 163 is divided by 88?
75
What is the remainder when 813 is divided by 212?
177
Calculate the remainder when 1515 is divided by 41.
39
What is the remainder when 76 is divided by 26?
24
What is the remainder when 64 is divided by 12?
4
What is the remainder when 958 is divided by 9?
4
What is the remainder when 84 is divided by 23?
15
Calculate the remainder when 70 is divided by 24.
22
What is the remainder when 3169 is divided by 166?
15
Calculate the remainder when 19 is divided by 16.
3
Calculate the remainder when 3329 is divided by 34.
31
Calculate the remainder when 1792 is divided by 26.
24
Calculate the remainder when 34 is divided by 15.
4
Calculate the remainder when 1002 is divided by 160.
42
Calculate the remainder when 21326 is divided by 8.
6
What is the remainder when 285 is divided by 129?
27
Calculate the remainder when 1028 is divided by 10.
8
What is the remainder when 63 is divided by 20?
3
What is the remainder when 155 is divided by 12?
11
What is the remainder when 306 is divided by 22?
20
Calculate the remainder when 17 is divided by 13.
4
Calculate the remainder when 549 is divided by 62.
53
Calculate the remainder when 325 is divided by 47.
43
What is the remainder when 480 is divided by 49?
39
What is the remainder when 176 is divided by 169?
7
What is the remainder when 543 is divided by 31?
16
What is the remainder when 328 is divided by 173?
155
Calculate the remainder when 1877 is divided by 10.
7
Calculate the remainder when 696 is divided by 46.
6
Calculate the remainder when 3101 is divided by 282.
281
Calculate the remainder when 851 is divided by 142.
141
Calculate the remainder when 50 is divided by 17.
16
What is the remainder when 60 is divided by 10?
0
Calculate the remainder when 269 is divided by 58.
37
Calculate the remainder when 549 is divided by 77.
10
What is the remainder when 1227 is divided by 127?
84
Calculate the remainder when 41950 is divided by 16.
14
What is the remainder when 925 is divided by 143?
67
Calculate the remainder when 2742 is divided by 19.
6
What is the remainder when 1515 is divided by 30?
15
Calculate the remainder when 85 is divided by 33.
19
Calculate the remainder when 1933 is divided by 149.
145
What is the remainder when 401 is divided by 29?
24
What is the remainder when 168 is divided by 35?
28
Calculate the remainder when 779 is divided by 34.
31
Calculate the remainder when 148 is divided by 20.
8
Calculate the remainder when 1439 is divided by 96.
95
What is the remainder when 113 is divided by 70?
43
Calculate the remainder when 825 is divided by 36.
33
What is the remainder when 7257 is divided by 79?
68
What is the remainder when 155 is divided by 69?
17
Calculate the remainder when 226 is divided by 65.
31
Calculate the remainder when 1181 is divided by 18.
11
Calculate the remainder when 93 is divided by 35.
23
Calculate the remainder when 202 is divided by 16.
10
What is the remainder when 7690 is divided by 14?
4
Calculate the remainder when 137 is divided by 52.
33
What is the remainder when 399 is divided by 141?
117
What is the remainder when 72 is divided by 5?
2
What is the remainder when 2884 is divided by 74?
72
What is the remainder when 214 is divided by 20?
14
Calculate the remainder when 12921 is divided by 26.
25
Calculate the remainder when 661 is divided by 22.
1
Calculate the remainder when 380 is divided by 17.
6
What is the remainder when 690 is divided by 454?
236
What is the remainder when 1163 is divided by 3?
2